{"id":679,"date":"2017-07-26T13:18:56","date_gmt":"2017-07-26T11:18:56","guid":{"rendered":"http:\/\/wp.griffioenrotterdam.nl\/?product=bocal-a19-gaskachel"},"modified":"2020-09-14T14:00:11","modified_gmt":"2020-09-14T12:00:11","slug":"bocal-a19-gaskachel","status":"publish","type":"product","link":"https:\/\/wp.griffioenrotterdam.nl\/?product=bocal-a19-gaskachel","title":{"rendered":"Bocal A19 gaskachel"},"content":{"rendered":"<h2>Bocal A19<\/h2>\n<p><a href=\"https:\/\/www.haveverwarming.nl\/Bocal\" target=\"_blank\" rel=\"noopener noreferrer\">Bocal<\/a> heeft een hele nieuwe generatie <a href=\"https:\/\/www.haveverwarming.nl\/gaskachels\" target=\"_blank\" rel=\"noopener noreferrer\">gaskachels<\/a> ge\u00efntroduceerd. Deze Bocal A19 is daar \u00e9\u00e9n van. Deze gaskachel is een echte krachtpatser met een maximaal vermogen van maar liefst<a href=\"https:\/\/www.haveverwarming.nl\/kenniscentrum\/het-vermogen-van-een-haard-of-kachel\/\" target=\"_blank\" rel=\"noopener noreferrer\"> 9,3 kW<\/a>. Daarnaast is dit een HR+ kachel. Daarmee zijn deze kachels ook ideaal ter vervanging van uw oude (lagere rendement) kachels en gaat u uiteindelijk op gasverbruik besparen.<\/p>\n<p>Naast de warmte die deze kachel afgeeft is deze A19 ook nog eens modern vormgegeven. Niet onbelangrijk is het feit dat deze kachel ook uitgerust kan worden met een afstandsbediening zodat u deze vanuit de luie stoel kunt bedienen.<\/p>\n<p>Deze kachel staat brandend opgesteld in ons <a href=\"https:\/\/www.haveverwarming.nl\/experiencecenter\" target=\"_blank\" rel=\"noopener noreferrer\">Experience Centre<\/a> in Lunteren!<\/p>\n<p>Documentatie<\/p>\n<ul>\n<li><a class=\"download file\" href=\"https:\/\/www.haveverwarming.nl\/amfile\/file\/download\/file\/79\/product\/285\/\" target=\"_blank\" rel=\"noopener noreferrer\"><span>Brochure Bocal A19 gaskachel<\/span><\/a><\/li>\n<li><a class=\"download file\" href=\"https:\/\/www.haveverwarming.nl\/amfile\/file\/download\/file\/77\/product\/285\/\" target=\"_blank\" rel=\"noopener noreferrer\"><span>Handleiding Bocal A19 gaskachel<\/span><\/a><\/li>\n<li><a class=\"download file\" href=\"https:\/\/www.haveverwarming.nl\/amfile\/file\/download\/file\/1342\/product\/285\/\" target=\"_blank\" rel=\"noopener noreferrer\"><span>Brochure Gas Erbij<\/span><\/a><\/li>\n<li><a class=\"download file\" href=\"https:\/\/www.haveverwarming.nl\/amfile\/file\/download\/file\/2693\/product\/285\/\" target=\"_blank\" rel=\"noopener noreferrer\"><span>Energielabel <\/span><\/a><\/li>\n<li><a class=\"download file\" href=\"https:\/\/www.haveverwarming.nl\/productpdf\/download\/file\/id\/285\/name\/Bocal_A19_gaskachel.pdf\/\" target=\"_blank\" rel=\"noopener noreferrer\"><span>Download informatieblad<\/span><\/a><\/li>\n<\/ul>\n","protected":false},"excerpt":{"rendered":"<p>Een nieuwe generatie gaskachels\u00a0<\/p>\n","protected":false},"featured_media":680,"comment_status":"open","ping_status":"closed","template":"","meta":[],"product_brand":[],"product_cat":[],"product_tag":[],"class_list":{"0":"post-679","1":"product","2":"type-product","3":"status-publish","4":"has-post-thumbnail","7":"first","8":"instock","9":"shipping-taxable","10":"purchasable","11":"product-type-simple","12":"customify-col","13":"product-has-gallery"},"_links":{"self":[{"href":"https:\/\/wp.griffioenrotterdam.nl\/index.php?rest_route=\/wp\/v2\/product\/679","targetHints":{"allow":["GET"]}}],"collection":[{"href":"https:\/\/wp.griffioenrotterdam.nl\/index.php?rest_route=\/wp\/v2\/product"}],"about":[{"href":"https:\/\/wp.griffioenrotterdam.nl\/index.php?rest_route=\/wp\/v2\/types\/product"}],"replies":[{"embeddable":true,"href":"https:\/\/wp.griffioenrotterdam.nl\/index.php?rest_route=%2Fwp%2Fv2%2Fcomments&post=679"}],"wp:featuredmedia":[{"embeddable":true,"href":"https:\/\/wp.griffioenrotterdam.nl\/index.php?rest_route=\/wp\/v2\/media\/680"}],"wp:attachment":[{"href":"https:\/\/wp.griffioenrotterdam.nl\/index.php?rest_route=%2Fwp%2Fv2%2Fmedia&parent=679"}],"wp:term":[{"taxonomy":"product_brand","embeddable":true,"href":"https:\/\/wp.griffioenrotterdam.nl\/index.php?rest_route=%2Fwp%2Fv2%2Fproduct_brand&post=679"},{"taxonomy":"product_cat","embeddable":true,"href":"https:\/\/wp.griffioenrotterdam.nl\/index.php?rest_route=%2Fwp%2Fv2%2Fproduct_cat&post=679"},{"taxonomy":"product_tag","embeddable":true,"href":"https:\/\/wp.griffioenrotterdam.nl\/index.php?rest_route=%2Fwp%2Fv2%2Fproduct_tag&post=679"}],"curies":[{"name":"wp","href":"https:\/\/api.w.org\/{rel}","templated":true}]}}